64. Let p = 93 + 51. Calculate the greatest common divisor of p and q.
16
Suppose -4*a + 3572 = 3*t, -3*t + 52*a - 47*a + 3608 = 0. What is the highest common factor of 832 and t?
52
Let t = 788 - 356. Suppose 20*v - 29*v + t = 0. What is the greatest common factor of 36 and v?
12
Suppose 0 = 2281*b - 2257*b - 408. What is the highest common divisor of b and 425?
17
Let b(n) = -n**2 + 44*n - 127. Let m be b(41). Let r be 1 + m + -2 + 1 + 92. Calculate the highest common factor of r and 1408.
88
Suppose 22*b - 38*b = -96. What is the greatest common factor of b and 10518?
6
Let k = -6627 - -7567. What is the highest common divisor of k and 80?
20
Suppose 3*r - 684 = -5*c, 3*r - 687 = 2*c - 6*c. Let s = 271 - r. What is the greatest common divisor of s and 38?
38
Let d = 9556 - 9526. Calculate the greatest common divisor of d and 2710.
10
Let p(d) = d**2 - 16*d + 68. Let f be p(9). Let i be 880/(-25)*f/2*-1. Calculate the highest common factor of 72 and i.
8
Let s be (33/6 - 5)/(1*(-1)/(-42)). What is the highest common divisor of s and 111?
3
Let f be (21540/(-25))/(-12) + 3/15. What is the highest common factor of f and 2169?
9
Suppose 0 = 3*h + 4*p - 32, -2*p - 14 = -4*h + 3*h. Let s(x) = 56*x - h - 25*x - 26*x. Let k be s(5). What is the highest common factor of k and 65?
13
Let c = 161 + -99. Suppose 2*d - 71 = 5*v + 363, -4*v - 1736 = -8*d. What is the highest common factor of d and c?
31
Suppose 2*q = -8 - 16. Let f be (-19896)/(-168) - q/21. What is the highest common factor of 68 and f?
17
Let o(x) = x**3 + 16*x**2 + 24*x - 53. Let c be o(-14). Suppose c*b + 580 = 1444. What is the greatest common factor of 8 and b?
8
Let x = -12032 + 12066. Calculate the highest common divisor of 1343 and x.
17
Suppose 23*n - 2006 = -46*n + 10*n. What is the greatest common factor of 142 and n?
2
Suppose g - 1074 = -2*d - 2*d, 3*d = 15. Let b = -606 + g. Calculate the greatest common factor of 56 and b.
56
Let s = 11632 + -11649. Suppose -2*x - 2*x = -192. Let o = s + x. Calculate the greatest common divisor of 248 and o.
31
Suppose 5*v + 0*v - 43 = n, 0 = 3*v + 3*n - 33. Let j be v + 12 - (0 - -1). Let w(q) = 11*q + 3. Let x be w(7). What is the greatest common factor of x and j?
20
Let b(c) = 2*c + 9. Let h be b(0). Let g = 12 - h. Let t = 63 - 30. Calculate the highest common factor of t and g.
3
Suppose 3*c - 18 = -123*q + 118*q, 5*q + 2*c - 17 = 0. Suppose k - 3*w - 31 = 0, -w = q*k - 5*w - 73. What is the highest common divisor of k and 133?
19
Let q be (4 + -2 - 4)*(631 + -800). What is the greatest common divisor of q and 884?
26
Suppose 0 = -4*a - 8, x - 296 = 5*a + 386. Calculate the highest common factor of x and 1232.
112
Let o = -28 + 32. Suppose 0 = m + 3*w - 14, w - o + 2 = -3*m. Let l be ((-57)/(-9))/(m/(-3)). What is the highest common factor of 57 and l?
19
Suppose 4*g + 2*s = 90, 125 = 5*g - 7*s + 12*s. Let n be (-2308)/(-8) - (-9)/6. Calculate the greatest common divisor of n and g.
10
Let m = -26 + 26. Suppose m = z - 232 - 28. Let s be (40/(-50))/((-2)/z). Calculate the greatest common divisor of 156 and s.
52
Suppose -24 = 3*i + 5*i. Let s(b) = -9*b**2 - 5*b - 4. Let y be s(i). Let o = 74 + y. What is the greatest common factor of 76 and o?
4
Suppose 3*o + o = 68. Suppose -262*j + 7854 = -220*j. Calculate the greatest common divisor of o and j.
17
Suppose -3*x + 108 = 5*v, 0 = -3*v - 15*x + 13*x + 64. Let h = -889 + 1201. What is the highest common factor of h and v?
24
Let w(z) = -20 + 27 + 9*z + 40 + 31 + 2. Let f be w(12). What is the greatest common divisor of 94 and f?
94
Let s(u) = 3*u**2 - 10*u. Suppose 0 = -27*c + 29*c - 8. Let z be s(c). Let r(m) = -m**2 + 22*m + 5. Let i be r(z). What is the highest common factor of i and 9?
9
Let x(a) = 18*a**3 - a - 4. Let r(c) = 1. Let n(i) = -4*r(i) - x(i). Let u = -28 - -27. Let h be n(u). What is the greatest common divisor of h and 102?
17
Suppose -126*g = -91*g - 860 - 715. What is the greatest common factor of g and 12105?
45
Suppose -5*r = -2 + 12, -3*r = -3*j + 51. Suppose -1583*p = 1010*p - 28600 - 49190. Calculate the greatest common factor of j and p.
15
Let k = 2357 - 2227. Let i(l) be the first derivative of 3*l**2/2 - 16*l - 7. Let x be i(14). Calculate the greatest common factor of k and x.
26
Let a = 1 + 1. Suppose a*k = 5*f - 229, 2*k - k = 3. Suppose -9*v + 3*v = -198*v + 9024. What is the highest common factor of v and f?
47
Suppose 0 = 26*v - 20*v - 420. Suppose -150*b + 145*b = -v. Let g(x) = 12*x**2 + 4. Let r be g(-3). Calculate the greatest common factor of r and b.
14
Let p = -123800 - -123840. Let y = 2 + -2. Let l(c) = c**2 - c + 20. Let o be l(y). Calculate the greatest common factor of o and p.
20
Let g(x) be the second derivative of -2*x**3/3 - 69*x**2/2 + 7*x + 1. Let t be g(-23). Calculate the greatest common divisor of 184 and t.
23
Suppose -5*r - 154 = -7*r. Let l be 4/(-14) + 6028/r. Let d = l + -45. Calculate the greatest common divisor of d and 3.
3
Let d(s) = -7*s + 589 + s**3 - 4*s + 5*s**2 - 577 + 27*s**3. Let u be d(2). What is the greatest common divisor of 312 and u?
78
Let r(x) = 9*x**2 - 4*x - 2. Let i be r(-5). Let a be (-4 + (-21)/(-6))/((-3)/324). Suppose 0*z - a = -2*z. What is the highest common divisor of i and z?
27
Let y(m) = 333*m + 17016. Let q be y(-51). Let u be 820/15 - (-2)/6. Calculate the greatest common factor of u and q.
11
Suppose 135*p - 68800 = 115*p. Calculate the greatest common divisor of p and 240.
80
Let c(b) = 29*b - 4. Let t be c(4). Suppose -4*m + q + t = -3*q, 4*q = -2*m + 86. Let j = -54710 - -54974. What is the greatest common divisor of j and m?
33
Suppose 0 = 110*n + 1264 - 6544. Suppose 927 = 9*q - 945. What is the greatest common divisor of n and q?
16
Let p = -50 + 53. Suppose -5*l - 39 = a, -2*a - p*l - 153 = a. Let n be (-12)/a + (-511)/(-9). What is the greatest common divisor of 38 and n?
19
Let c(j) = -3*j - 10. Let n be c(-3). Let i be (2 - -3) + n + 1. Suppose -120 = m - i*m + 5*d, 20 = 5*d. What is the highest common factor of m and 14?
7
Let x(q) = -202*q - 174. Let r be x(-1). Calculate the highest common divisor of r and 49854.
14
Let z(r) = -16 - 22*r - 23*r + 5 + 7*r. Let d be z(-6). Let v = 514 - d. What is the highest common factor of 27 and v?
27
Suppose -16*v + 21*v - 2*t = 10061, 0 = t - 7. Calculate the greatest common divisor of v and 7254.
403
Let v be 4/(-3)*(-85428)/56. Calculate the greatest common divisor of v and 18.
18
Suppose -5*n + 3715 = -3*r, 11*r - 2263 = -3*n + 6*r. Calculate the greatest common factor of 10 and n.
2
Suppose 28*p - 22*p - 12 = 0. Suppose -2*d = 4*a - 52, -d - d = p*a - 24. What is the highest common divisor of a and 6?
2
Let i(h) = 6*h**2 + 5*h - 261. Let g be i(12). Calculate the highest common factor of 273 and g.
39
Let b(l) = -3 - l + 33 + 4*l**3 - 3*l**3. Let i be b(0). Suppose 102 - 60 = 4*a + 6*y, 12 = a + y. What is the greatest common factor of a and i?
15
Suppose 3*r = -3*q + r + 56, 71 = 4*q - r. Let w = 338 - 176. What is the highest common factor of w and q?
18
Suppose -775 + 362 - 1715 = -38*p. Calculate the highest common divisor of 1372 and p.
28
Let p = -3261 - -3465. Calculate the highest common factor of 72 and p.
12
Suppose -1 - 53 = -9*i. Let x = 75 + 66. Calculate the greatest common divisor of x and i.
3
Let w be ((-36)/(-24))/((-7)/(-126)). Calculate the greatest common factor of w and 4185.
27
Suppose -179*a = 5*p - 174*a - 54265, 4*p - 3*a - 43433 = 0. What is the greatest common factor of 184 and p?
184
Suppose 339*k + 29792 = 259295. What is the greatest common factor of 2 and k?
1
Let z(s) = s**2 + 92*s + 1734. Let l be z(-66). Calculate the highest common divisor of 2178 and l.
18
Let p = 47 - -21. Suppose 3*q - g + 13 = 5*q, -9 = -3*q - 5*g. What is the greatest common divisor of p and q?
4
Let w(f) = -66*f + 761. Let q be w(2). What is the highest common factor of 85 and q?
17
Suppose 749*i - 748*i - 408 = 0. What is the greatest common factor of 1920 and i?
24
Let a = 2224 - 2150. Let c be (74/(-4))/((-4 + 9)/(-110)). Calculate the greatest common factor of a and c.
37
Suppose -h = 3*k - 28, -5*h = 16 + 9. Let r = k - -64. Suppose 79 = 5*j + 2*f, -j - 2*j + 49 = 2*f. Calculate the greatest common factor of j and r.
1